 is the remainder when x(4) is divided by h?
7
Let x = 13 + -9. Let y(f) = f**3 + 5*f**2 + 2. Let j be y(-4). Let a = j - 11. Calculate the remainder when a is divided by x.
3
Let m be (-2 + 1)/((-4)/4). Let i be (15/m)/(-5 + 4). Let a = i - -33. Calculate the remainder when a is divided by 5.
3
Let c = 82 - -14. What is the remainder when c is divided by 50?
46
Suppose -5*j + 57 = 3*h + 17, -j + 31 = -4*h. Calculate the remainder when 17 is divided by j.
6
Suppose 91 = -3*p + 2*d, -18 - 63 = 3*p + 3*d. Let x = p - -45. Calculate the remainder when 47 is divided by x.
15
Let b = 95 + -93. Calculate the remainder when 2 - (-4 - (0 + -1)) is divided by b.
1
Suppose 101 = 4*f - 5*y, -f - 2*y + 47 = 2*f. Calculate the remainder when 55 is divided by f.
17
Let c = 39 - 13. Calculate the remainder when 102 is divided by c.
24
Suppose 69 = -3*x + f, 3*x + 82 = -f + 7. Let q = x - -34. What is the remainder when 18 is divided by q?
8
Let d(h) = -20*h**3 + h**2. Let t(b) = -20*b**3 + b**2. Let k(o) = 6*d(o) - 5*t(o). Calculate the remainder when 62 is divided by k(-1).
20
Let p(k) = k**3 + 8*k**2 - 2*k + 1. Let l be p(-8). Let h = l + -3. What is the remainder when 26 is divided by h?
12
Let l(h) = 2*h**2 - 31*h + 21. What is the remainder when 23 is divided by l(15)?
5
Let a(h) = 6*h**2 - 2. Let j be a(2). Let k = 40 - j. What is the remainder when 34 is divided by k?
16
Let s(d) = d**3 + 8*d**2 - 10*d - 4. Let c be s(-9). Suppose 3*o - 9 = c*i, -7 = -4*o - i + 5. Calculate the remainder when 5 is divided by o.
2
Let j = 41 - 23. Let o = j + -12. What is the remainder when 34/(-1*(-2 + 0)) is divided by o?
5
Let v(y) = 19*y + 53. What is the remainder when v(5) is divided by 10?
8
Let o = 11 - 9. Suppose 0*x + 2*x = -o*z + 22, -5*x - 2*z + 61 = 0. What is the remainder when 24 is divided by x?
11
Let h = -31 - -77. Calculate the remainder when 91 is divided by h.
45
Suppose 0 = 7*q - 5*q - 14. Let v = 11 - q. Suppose 3*o - 165 = -3*w, -v*o + 25 = 2*w - 79. What is the remainder when w is divided by 15?
13
Suppose 5*b - 3*a - 321 = 169, -2*b + 3*a = -196. Calculate the remainder when 3*(-3)/(-9)*b is divided by 25.
23
Suppose -2*g - 6 = 0, -3*h + 3*g + 84 = -g. Suppose -c = -5 + 2. Suppose c*i = -2*i + 350. What is the remainder when i is divided by h?
22
Suppose 14*r = 17*r - 45. What is the remainder when 57 is divided by r?
12
What is the remainder when (-2)/(-6) + 294/9 is divided by (4/10)/((-4)/(-120))?
9
Calculate the remainder when 110 is divided by ((-52)/(-6))/(6 + (-104)/18).
32
Let r = -55 - -105. What is the remainder when r is divided by 17?
16
Suppose 4*s - 4 = 12. Let i(k) be the second derivative of k**4/6 + k**3/6 - 2*k**2 + k. What is the remainder when i(-3) is divided by s?
3
Let n(g) = g + 13. Let m be n(-12). Suppose -5*k - 3*t - 53 = -10*k, 52 = 5*k - 2*t. Calculate the remainder when k is divided by m + (8 - 2 - 1).
4
Suppose -k - 5*o = -o - 12, 4*k = 4*o + 148. What is the remainder when 125 is divided by k?
29
Suppose 3 + 32 = -b. Let z = b - -49. What is the remainder when 53 is divided by z?
11
Suppose -5*a - 63 = -8*a. Calculate the remainder when a is divided by 8.
5
Let m = 18 - 8. Calculate the remainder when m is divided by ((-27)/(-12))/((-9)/(-24)).
4
Suppose -p = -u + 55, -4*u + 215 = -4*p + p. Suppose 64 + u = 3*d. What is the remainder when d is divided by 20?
18
Let b be 4 - (2 - 4/4). Suppose 0 = -b*y - 2*y + 215. What is the remainder when y is divided by 23?
20
Suppose 0 = -2*p + 4*p. Suppose p = -3*r - r + 116. Suppose -3*i = i - 40. Calculate the remainder when r is divided by i.
9
Suppose k = -3*a + 14, -5*k - 2*a - a + 58 = 0. Let p = -35 - -17. Let j = p - -49. Calculate the remainder when j is divided by k.
9
Let y(i) = -i**2 - 11*i - 7. What is the remainder when y(-7) is divided by 12?
9
Suppose 0 = -4*i - 3*o + 139, -i + 2*i + o - 35 = 0. Calculate the remainder when i is divided by 19.
15
Suppose -5*a + 2*a = -9. Let w(o) = -o**2 + 9*o - 8. Let k be w(8). Suppose k = a*p - p - 20. Calculate the remainder when 29 is divided by p.
9
Let c(r) = 4 - 2*r - r**2 - 2*r - 6*r. Let g = -7 - -1. What is the remainder when c(g) is divided by 15?
13
Let g = 18 - -4. Calculate the remainder when 152 is divided by g.
20
Let z(m) = -m**2 - 21*m - 11. Calculate the remainder when z(-16) is divided by 24.
21
Let a(x) = -x**3 + 6*x**2 + 21*x - 20. Calculate the remainder when 117 is divided by a(8).
17
Let l = 2 - -2. Suppose 2*c = 8, 0*c - 18 = 2*d - 4*c. Let h = d + l. What is the remainder when h is divided by 2?
1
Suppose 3 = 3*t, -4*r = -0*r - t - 111. What is the remainder when -2 + 85 + 1 + -2 is divided by r?
26
Let u(v) = 2*v**2 - v + 2. Let z be 3/(-2) + (-1)/2. Calculate the remainder when 22 is divided by u(z).
10
Suppose 0 = -3*q - q + 96. Let x(s) = 3*s + 6. Let j(i) = 3*i + 5. Let f(p) = -4*j(p) + 3*x(p). Calculate the remainder when q is divided by f(-5).
11
Let i(a) = -a**2 + 11*a. Let x = 14 - 3. Calculate the remainder when i(6) is divided by x.
8
Let i(n) = -n**2 + 11*n - 4. Let r(x) = x**3 + 9*x**2 - 13*x - 10. Let h be r(-10). Let c = -10 + h. What is the remainder when 10 is divided by i(c)?
4
Suppose 36 + 89 = 5*z. Suppose -f - x + 77 = -0*f, f - 2*x - 65 = 0. What is the remainder when f is divided by z?
23
Let b(d) = -d**3 - 7*d**2 + 2*d - 13. What is the remainder when b(-8) is divided by 2?
1
Suppose 0*z - 5*r = -3*z + 118, -3 = -3*r. What is the remainder when z is divided by 14?
13
Suppose -2*j + 3*j + 7 = 3*x, 5*x + 5*j = 5. Suppose 0 = -x*o + o + 43. Calculate the remainder when o is divided by 15.
13
Suppose 2*p - 2*m = 2, 4*p - 13 = p + m. Calculate the remainder when p is divided by (-4 + 10/4)/((-2)/4).
0
Suppose 3*n + 4*k + 13 = 49, 2*n - 24 = 4*k. Calculate the remainder when 21 is divided by n.
9
Let b = 221 - 156. Let x = -4 + 21. Calculate the remainder when b is divided by x.
14
Suppose 2*r + 49 = 3*j + 12, 4*r = 5*j - 63. Suppose -18*w + 21*w = 57. What is the remainder when w is divided by j?
8
Suppose 12 = p + 3*p. What is the remainder when (1/(-5)*-9)/(15/50) is divided by p?
0
Let h(p) = -4*p**3 - 2*p**2 + 4. Calculate the remainder when h(-2) is divided by 8.
4
Suppose -4*r + 3*o - 2*o = -93, 5*r = -4*o + 132. Suppose -x + 90 = 2*n, 2*n - 7*n - 3*x = -223. Calculate the remainder when n is divided by r.
23
Suppose -b + 2*d = 5*d + 15, 5*b + 2*d = -23. What is the remainder when ((-2)/(-4))/((-2)/(-40)) is divided by (b/(-1))/((-12)/(-16))?
2
Suppose 0 = m + 2*n - 4 - 6, 3*n = 4*m - 95. Let z = 14 + -12. What is the remainder when 39/(-18)*z*-9 is divided by m?
19
Calculate the remainder when 23 is divided by (-5)/((-30)/2)*39.
10
Suppose -4 = b - 3*b. Suppose 5*z = -b*a + 48, 9 = 2*a - a - 5*z. Calculate the remainder when 74 is divided by a.
17
Let p(a) = 2*a - a**3 + a + 2*a + 7*a**2. Calculate the remainder when p(4) is divided by 23.
22
Let s(q) = -3*q - q**2 + 0*q**2 + 2 + 4*q + 2*q**2. Let w be s(-2). Suppose -40 = -4*t + w*z, z + 12 = -3*z. What is the remainder when 12 is divided by t?
5
Suppose 4*n - 12 = 16. Calculate the remainder when n is divided by -3*5/(4 - 9).
1
Let u(w) = -w + 8. Suppose -2*t - 3 = 11. Suppose -x = 3*x - 32. Calculate the remainder when u(t) is divided by x.
7
Suppose -4*i = 4*j - 145 - 123, 2*i + 4*j - 132 = 0. Suppose 5*a = -t + i, 3*a + 2*a - 3*t = 76. What is the remainder when a is divided by 8?
6
Let v(l) = l**3 - 9*l**2 + 9*l. Let t be v(7). Let x = t - -69. Calculate the remainder when x is divided by 12.
10
What is the remainder when 33 is divided by 2/(-4 + 280/68)?
16
Suppose 2*l = -2*l + 44. Let q = -3 + 8. Calculate the remainder when (-8)/44 - (-156)/l is divided by q.
4
Calculate the remainder when (-2)/(-11) + 64/11 is divided by (-4)/(-14) - 52/(-14).
2
Let j(c) = c**3 - 10*c**2 + 9*c + 8. Calculate the remainder when 14 is divided by j(9).
6
Suppose -2*w + 3*w = 1. Let f = 9 + w. What is the remainder when f is divided by 4?
2
Suppose 8*d = -3 + 387. What is the remainder when 191 is divided by d?
47
Let i(l) = l**2 - 15*l + 3. Suppose -24 + 4 = -2*z - 2*p, 2*z - 4*p = 38. Calculate the remainder when i(17) is divided by z.
11
Let c = 37 - 32. Calculate the remainder when 9 is divided by c.
4
Calculate the remaind